tors of 226427?
226427
List the prime factors of 1127504.
2, 7, 10067
List the prime factors of 133917.
3, 7, 911
List the prime factors of 14569101.
3, 31, 79, 661
List the prime factors of 1765187.
1765187
What are the prime factors of 511692?
2, 3, 42641
What are the prime factors of 6318817?
211, 29947
List the prime factors of 2152557.
3, 11, 17, 1279
What are the prime factors of 218449?
7, 11, 2837
What are the prime factors of 2145660?
2, 3, 5, 11, 3251
What are the prime factors of 15646105?
5, 3129221
What are the prime factors of 5061347?
5061347
List the prime factors of 269437.
7, 61, 631
What are the prime factors of 11054?
2, 5527
What are the prime factors of 378814?
2, 189407
List the prime factors of 29973480.
2, 3, 5, 249779
List the prime factors of 849437.
109, 7793
List the prime factors of 7751195.
5, 947, 1637
List the prime factors of 29821558.
2, 13, 61, 18803
List the prime factors of 676039.
7, 13, 17, 19, 23
List the prime factors of 631789.
631789
What are the prime factors of 1350565?
5, 17, 15889
What are the prime factors of 1859363?
11, 43, 3931
What are the prime factors of 1043630?
2, 5, 7, 17, 877
What are the prime factors of 894507?
3, 298169
List the prime factors of 355896.
2, 3, 4943
List the prime factors of 367968.
2, 3, 3833
List the prime factors of 1671825.
3, 5, 22291
List the prime factors of 312062.
2, 337, 463
List the prime factors of 178724.
2, 7, 13, 491
What are the prime factors of 64120?
2, 5, 7, 229
What are the prime factors of 1088888?
2, 136111
What are the prime factors of 1422947?
61, 23327
List the prime factors of 93099.
3, 31033
List the prime factors of 3492043.
3492043
List the prime factors of 24695054.
2, 23, 536849
List the prime factors of 3763445.
5, 7, 15361
List the prime factors of 6241726.
2, 31, 100673
List the prime factors of 5285903.
7, 31, 24359
What are the prime factors of 1637067?
3, 599, 911
List the prime factors of 1896980.
2, 5, 94849
List the prime factors of 47559.
3, 83, 191
List the prime factors of 148496.
2, 9281
List the prime factors of 374836.
2, 7, 11, 1217
List the prime factors of 100697.
101, 997
What are the prime factors of 738562?
2, 11, 59, 569
List the prime factors of 1685303.
643, 2621
List the prime factors of 2069324.
2, 29, 17839
List the prime factors of 13271281.
149, 89069
What are the prime factors of 7539894?
2, 3, 418883
List the prime factors of 5316463.
79, 173, 389
What are the prime factors of 17964526?
2, 199, 45137
List the prime factors of 5227749.
3, 73, 109
List the prime factors of 9137500.
2, 5, 17, 43
List the prime factors of 351170.
2, 5, 35117
List the prime factors of 298401.
3, 17, 5851
List the prime factors of 66672.
2, 3, 463
List the prime factors of 2583558.
2, 3, 17, 8443
List the prime factors of 1433023.
109, 13147
What are the prime factors of 379983?
3, 23, 5507
List the prime factors of 2130651.
3, 23, 47, 73
List the prime factors of 2738363.
331, 8273
List the prime factors of 659282.
2, 13, 25357
What are the prime factors of 837969?
3, 11, 67, 379
What are the prime factors of 684230?
2, 5, 53, 1291
List the prime factors of 377238.
2, 3, 62873
What are the prime factors of 2086628?
2, 521657
What are the prime factors of 1545016?
2, 11, 97, 181
What are the prime factors of 605312?
2, 4729
List the prime factors of 262382.
2, 127, 1033
What are the prime factors of 1193376?
2, 3, 31, 401
List the prime factors of 254590.
2, 5, 7, 3637
What are the prime factors of 4624381?
4624381
What are the prime factors of 8897045?
5, 1779409
What are the prime factors of 71839?
19, 199
What are the prime factors of 76965?
3, 5, 7, 733
What are the prime factors of 80698?
2, 157, 257
What are the prime factors of 3811409?
7, 544487
List the prime factors of 392321.
392321
List the prime factors of 3566852.
2, 499, 1787
What are the prime factors of 1411753?
7, 41, 4919
List the prime factors of 1181046.
2, 3, 41, 4801
List the prime factors of 403028.
2, 19, 5303
List the prime factors of 17460074.
2, 191, 45707
List the prime factors of 10374.
2, 3, 7, 13, 19
List the prime factors of 155857.
13, 19, 631
List the prime factors of 1280811.
3, 7, 8713
What are the prime factors of 29198273?
13, 29, 41, 1889
What are the prime factors of 1830871?
7, 37, 7069
What are the prime factors of 5534609?
601, 9209
List the prime factors of 11541694.
2, 541, 10667
What are the prime factors of 150928?
2, 9433
List the prime factors of 1220566.
2, 17, 35899
What are the prime factors of 327432?
2, 3, 7, 1949
What are the prime factors of 490280?
2, 5, 7, 17, 103
List the prime factors of 260242.
2, 130121
List the prime factors of 258776.
2, 7, 4621
What are the prime factors of 221983?
139, 1597
List the prime factors of 1224570.
2, 3, 5, 40819
List the prime factors of 32797306.
2, 19, 863087
What are the prime factors of 3409242?
2, 3, 568207
List the prime factors of 296094.
2, 3, 61, 809
What are the prime factors of 325563?
3, 7, 37, 419
What are the prime factors of 590615?
5, 19, 6217
What are the prime factors of 34888369?
17, 120721
What are the prime factors of 2295437?
29, 79153
What are the prime factors of 37485?
3, 5, 7, 17
What are the prime factors of 1224223?
7, 11, 13, 1223
What are the prime factors of 182687?
182687
What are the prime factors of 414854?
2, 11, 109, 173
What are the prime factors of 363851?
17, 1259
What are the prime factors of 118917?
3, 73, 181
List the prime factors of 122653.
122653
List the prime factors of 9150747.
3, 29, 107, 983
List the prime factors of 14047180.
2, 5, 7, 269, 373
What are the prime factors of 2568012?
2, 3, 173, 1237
What are the prime factors of 2704320?
2, 3, 5, 313
List the prime factors of 3679368.
2, 3, 7, 11, 181
What are the prime factors of 146939?
13, 89, 127
List the prime factors of 358750.
2, 5, 7, 41
List the prime factors of 3114452.
2, 11, 70783
What are the prime factors of 2520489?
3, 840163
What are the prime factors of 177376?
2, 23, 241
What are the prime factors of 13736355?
3, 5, 915757
List the prime factors of 464929.
151, 3079
List the prime factors of 250338.
2, 3, 11, 3793
What are the prime factors of 4360606?
2, 2180303
List the prime factors of 3686151.
3, 7, 257, 683
What are the prime factors of 299358?
2, 3, 16631
What are the prime factors of 14037235?
5, 197, 14251
List the prime factors of 662650.
2, 5, 29, 457
List the prime factors of 738047.
23, 32089
What are the prime factors of 1781?
13, 137
What are the prime factors of 78121?
78121
What are the prime factors of 806341?
19, 31, 37
List the prime factors of 381047.
381047
List the prime factors of 3225749.
3225749
List the prime factors of 27270338.
2, 991, 13759
What are the prime factors of 599963?
7, 13, 19, 347
List the prime factors of 1373052.
2, 3, 31, 3691
List the prime factors of 172634.
2, 7, 11, 19, 59
What are the prime factors of 3977731?
3977731
What are the prime factors of 789461?
67, 11783
List the prime factors of 344815.
5, 68963
List the prime factors of 6479239.
13, 498403
List the prime factors of 9269613.
3, 73, 4703
List the prime factors of 8949134.
2, 131, 34157
What are the prime factors of 4196844?
2, 3, 116579
List the prime factors of 19113.
3, 23, 277
List the prime factors of 322002.
2, 3, 67, 89
List the prime factors of 2577629.
41, 62869
What are the prime factors of 1453052?
2, 47, 59, 131
What are the prime factors of 752296?
2, 271, 347
List the prime factors of 18597858.
2, 3, 1151, 2693
What are the prime factors of 179686?
2, 13, 6911
List the prime factors of 9500052.
2, 3, 29, 27299
What are the prime factors of 900903?
3, 300301
What are the prime factors of 8281812?
2, 3, 7, 11, 8963
What are the prime factors of 15757272?
2, 3, 89, 2459
List the prime factors of 25396241.
13, 1953557
List the prime factors of 6754702.
2, 347, 9733
What are the prime factors of 195313?
17, 11489
What are the prime factors of 7187744?
2, 224617
List the prime factors of 1819769.
7, 259967
What are the prime factors of 9708?
2, 3, 809
List the prime factors of 8412569.
11, 17, 44987
What are the prime factors of 17102796?
2, 3, 373, 3821
What are the prime factors of 1352297?
761, 1777
What are the prime factors of 169008?
2, 3, 7, 5